 is the remainder when 53 is divided by j?
17
Let q(c) = -c**3 + 15*c**2 - 15*c - 43. What is the remainder when q(13) is divided by 41?
18
Let q(v) = 8*v - 21. Suppose 0 = -5*i + 2*i + 9. What is the remainder when q(i) is divided by 3?
0
Let a(o) = 11*o + 1. Let d be a(4). Let b = d - 31. What is the remainder when 27 is divided by b?
13
Let v(x) = x**3 - 4*x**2 - 125*x - 12. What is the remainder when v(-8) is divided by 53?
8
Let h(f) = f + 34. What is the remainder when 178 is divided by h(-8)?
22
Suppose 33 = 2*q + 5*u + 3, -2*q + 18 = -u. Suppose -11*k = -q*k - 51. What is the remainder when k is divided by 18?
15
Suppose -4*i + 5*f = -53, 0*i + f = 3*i - 48. Let x = 11 + 22. What is the remainder when x is divided by i?
16
Let k(b) = b**3 - 24*b**2 - 29*b + 133. Suppose -51 = -2*m - 17. What is the remainder when k(25) is divided by m?
16
Let t(f) = -9*f**3 + 5*f**2 + 2*f - 2. Calculate the remainder when 66 is divided by t(-1).
6
Suppose -3*n + 79 = 1. Let v = -338 + 352. What is the remainder when n is divided by v?
12
Let u = 21 + -26. Let o = 7 + u. Suppose 8 = 4*k, 7*a - 4*a - o*k = 47. What is the remainder when a is divided by 6?
5
Suppose 24*f - 22*f = 306. What is the remainder when f is divided by 26?
23
Let g be 0 - (-3 + -187 + -3). Suppose 7*l - g + 67 = 0. Calculate the remainder when 87 is divided by l.
15
Calculate the remainder when 481 is divided by 1024/192*33/4.
41
Suppose 0 = -15*x - 16*x - 7*x + 4180. Suppose -5*w + 2*v = v - 139, -5*v = w - 33. What is the remainder when x is divided by w?
26
Let c(h) = h**2 - 117. Calculate the remainder when 239 is divided by c(12).
23
Let l(g) = g**3 + 8*g**2 + 8*g - 20. Calculate the remainder when 243 is divided by l(-6).
3
Suppose 0 = -3*h + a + 2, 0 = 3*h + 4*a - 3 - 19. Suppose 0 = h*j - 11 + 3. Calculate the remainder when 4 is divided by j.
0
Suppose 5*v - 216 = 2*i, 3*v + 8 = 2*i + 136. Calculate the remainder when v is divided by 16.
12
Let a = -49 - -69. Suppose y + x = -2, 3*x = 3*y + y - a. What is the remainder when (-1 - -2)/((-2)/(-10)) is divided by y?
1
Suppose -2*l - 3*l = -165. Suppose l = 4*g - 43. What is the remainder when (-12)/(-8) - 355/(-10) is divided by g?
18
Let w(f) = 19*f + 14. What is the remainder when 363 is divided by w(2)?
51
Suppose 20*f - 387 - 533 = 0. What is the remainder when f is divided by 16?
14
Let x(k) = -92*k - 205. What is the remainder when x(-3) is divided by 11?
5
Suppose -5*f + 25 = -p + 1, -2*p = f - 7. Let t = -115 - 143. Calculate the remainder when (-2)/(-11) + t/(-33) is divided by f.
3
Let v be 4 - 2/((-8)/12). Suppose -3*r - 48 = -v*r. Calculate the remainder when 30 is divided by 200/r - (-4)/(-6).
14
Let c(r) = r**2 - 8*r - 78. Calculate the remainder when 84 is divided by c(-8).
34
Let c(x) = -x + 71. Calculate the remainder when c(-22) is divided by 25 + 1 - 6/3.
21
Let c(h) = -2*h + 4. Let k be c(0). Suppose k*w - 69 = -4*y - 17, -2*y = -w - 20. Suppose -3*l + 51 = -45. Calculate the remainder when l is divided by y.
10
Suppose -5*i = -8*i + 444. What is the remainder when i is divided by 35 + (4 + -22 - -13)?
28
Let k = 215 + -205. Let s(l) = -l**3 - l**2 - l + 5. Let o be s(0). Suppose 0*n = o*n - 195. Calculate the remainder when n is divided by k.
9
Suppose -8*g = -63 - 57. Let o = 26 - g. What is the remainder when 41 is divided by o?
8
Let g(h) = 6*h - 27. Let a be g(16). Let u = 92 - a. Calculate the remainder when 45 is divided by u.
22
What is the remainder when 331 is divided by (-1620)/(-54) + 3*-1?
7
Let s = -874 + 1267. Calculate the remainder when s is divided by 129.
6
Suppose 5*n = -r + 48, 18*n + 78 = r + 17*n. What is the remainder when r is divided by (-1)/(1/(-23)) - -2?
23
Calculate the remainder when 128 - 0/((-5 + 15)/(-5)) is divided by 13.
11
Suppose 60 = -4*d + 6*d. Suppose -6*o + d = -o. Calculate the remainder when 13 is divided by o.
1
Suppose -24 = -m - 0*m. Let d = -32 + 37. Calculate the remainder when (-9 - d)*1*-5 is divided by m.
22
Let c = 81 + -72. Let h(r) = -r**3 + 5*r**2 + 5*r - 4. Let x be h(4). Suppose l - c = x. What is the remainder when l is divided by 11?
8
Let a(f) = 21*f - 7. Let b(l) = -19*l**3 + 2*l + 2. What is the remainder when a(2) is divided by b(-1)?
16
Calculate the remainder when -8 + (7 - (-1 - 5)) + 195 is divided by 90.
20
Let d(v) = 26*v**3 - 5*v + 2 + v**2 - 28*v**3 + 2*v - 3*v**2. Calculate the remainder when d(-4) is divided by 37.
36
Suppose 5*k - 78 + 488 = 0. Let b = k - -98. Calculate the remainder when 43 is divided by b.
11
Suppose 27*u - 1549 + 334 = 0. Let h = 1 - -7. What is the remainder when u is divided by h?
5
Let d = 73 - 23. What is the remainder when d is divided by 6?
2
Suppose 135 - 35 = 5*n + 4*z, -4*n + 80 = -3*z. Suppose -2*c + 169 = -25. What is the remainder when c is divided by n?
17
Let z = 14 + -4. Suppose z = i - 7. What is the remainder when 49 is divided by i?
15
Let l = 11 + -9. Suppose 3*y - 20 = 3*c + 2*c, 0 = 2*c + l. Let z = y - -74. What is the remainder when z is divided by 20?
19
Suppose -5*s - 10 = -6*z + 2*z, -3*z = s - 17. Suppose 6*l = z*c + 2*l - 90, 15 = 3*l. What is the remainder when 42 is divided by c?
20
Let u be 2/4 + 30/4. Let h = 94 - 346. What is the remainder when u/10 + h/(-60) is divided by 5?
0
Calculate the remainder when (18 - 15)*1316/6 is divided by 22.
20
Let z(d) = 4*d**2 + 111*d + 489. Let q(p) = -2*p**3 - 3*p**2 + 3*p - 4. Calculate the remainder when z(-23) is divided by q(-3).
10
Calculate the remainder when 56 is divided by 1/(3/(-15))*-3.
11
Let a(k) = -89*k + 127. What is the remainder when a(-4) is divided by 17?
7
Let o = 2755 + -2752. What is the remainder when 25 is divided by o?
1
Let q(i) = 33*i**2 + 4*i + 17. Let o be q(9). Calculate the remainder when o/30 + 26/195 is divided by 46.
45
Let x(p) = 19*p - 113. What is the remainder when 159 is divided by x(7)?
19
What is the remainder when 90 is divided by 2*281/12 + 1/6?
43
Suppose -5*s = g - 162, 4*s + 13*g - 117 = 8*g. Calculate the remainder when s is divided by 8.
1
Suppose 2*k - 3*a = 47, 3*k - a + 25 = 78. Calculate the remainder when 700 is divided by k.
12
Let d = 29 + -26. Suppose 0 = s + 5*p - 11, d*s - p = 7*s - 101. Calculate the remainder when 259 is divided by s.
25
Let t(l) = -l + 12. Let q be t(4). Let p(w) = 0*w - q*w + 3 + 9 + w**2. What is the remainder when 35 is divided by p(8)?
11
Let j be (-114)/(-10) - 4/10. Suppose 6 - 28 = 2*q + x, -x - j = q. Calculate the remainder when 36 is divided by 6/3 - (q - 0).
10
Suppose 0 = -2*n - 3*n + 45. Let o = 2 + n. Suppose -2*g = -g - o. Calculate the remainder when 43 is divided by g.
10
Suppose 86*o = 81*o + 315. Let g = -6 - -1. Let y = o - g. Calculate the remainder when y is divided by 23.
22
Suppose s + 4*r - 426 = -s, -4*s = -r - 879. Suppose 131 + s = 10*g. Calculate the remainder when g is divided by 13.
9
Let a be (-3)/(-2) + (-495)/10. Suppose -5*b + 159 = -4*y, -4*y + 51 = b - 0*y. Let h = b - a. Calculate the remainder when h is divided by 21.
20
Let i(m) = -m**2 - 8*m + 10. Let o be i(-8). Let k = -8 + o. What is the remainder when 5 is divided by (1/(-4))/(k/(-16))?
1
Let m = 19 - 15. What is the remainder when (-305)/(-45) + 2/9 is divided by m?
3
Suppose 2*w = 10, 5*a - 4*w = a. Suppose -5*h + 6*t = 7*t - 64, 4*t = a*h - 69. Calculate the remainder when 44 is divided by h.
5
Let n = 2743 + -2692. Suppose -5*s + 5*c = c + 105, 4*s - 2*c = -90. Calculate the remainder when n - -1 - (s + 21) is divided by 20.
16
Let w(o) = o**3 + 9*o**2 + 8*o - 5. Let m be w(-6). Suppose -5*y - z = m, -12 - 13 = y + 3*z. Let c = y - -15. What is the remainder when 13 is divided by c?
3
Let t be (-100)/(-6)*(-30)/(-25). Suppose 0 = 2*r - 4*k - t + 62, -5*k = -r - 27. Let m = 4 - r. Calculate the remainder when m is divided by 8.
5
Let c = 830 + -777. Calculate the remainder when 147 is divided by c.
41
Let z(m) = 6*m**2 + 19 - 23 + m - 5*m. Suppose 0*l + 10 = l. Calculate the remainder when z(-2) is divided by l.
8
Let h = 12 + 3. Calculate the remainder when (-6 - 1)*1528/(-191) is divided by h.
11
Suppose 31*q = 37*q - 330. What is the remainder when 266 is divided by q?
46
Suppose -4*l - 28 = -200. Suppose 0*p - p = 2*k - 7, -5 = -5*p. Suppose -k*h = -14*h + 242